. Suppose -12 = -w*j - 8. What is the units digit of j?
1
Let u(x) = x**3 + 24*x**2 - 39*x + 55. What is the hundreds digit of u(-19)?
6
Let u(s) = -25*s - 12. Suppose -w + 5 + 12 = -2*j, -w = 4*j + 19. What is the hundreds digit of u(j)?
1
Suppose -5*s + 815 = 3*w, 0 = 2*s + 3*s - 3*w - 815. Suppose 5*m - 1387 = s. What is the hundreds digit of m?
3
Let v(q) = -2*q - 1. Let u(l) = -l. Let t = 7 + -4. Let b(w) = t*u(w) - 4*v(w). What is the units digit of b(9)?
9
Let h = 8254 - 5371. What is the thousands digit of h?
2
Let u(x) = 2*x - 4. Let g be u(5). Let v = g - 4. Suppose 3*r + r + v*y - 38 = 0, r - 5 = -2*y. What is the units digit of r?
1
Let t(f) = 220*f**2 - 15*f - 80. What is the hundreds digit of t(-4)?
5
Suppose q - 5264 = -5*u, 5*q - 780 - 1344 = -2*u. Suppose r + u = 5*m, 0*m = 2*m - 4*r - 428. What is the units digit of m?
0
Let i(z) = z**3 - 13*z**2 - z + 5. Let r be i(13). Let t(u) = -u**3 - 6*u**2 + 10*u - 1. What is the tens digit of t(r)?
4
Suppose i - 2 + 0 = -3*t, -4*i = t - 41. Suppose i*d - 8*d - 4*r = 477, 0 = 2*d + r - 329. What is the tens digit of d?
6
Let i = -24 + 37. Let s = 30 + i. What is the tens digit of s?
4
Let c(d) = 24*d + 7. Let l(p) = p. Let h(j) = -c(j) - 3*l(j). Let a be h(-5). Suppose a = 4*t - 0*t. What is the tens digit of t?
3
Let i be 1/5 + (-204)/20. Let u(p) = p**2 + p - 7. What is the units digit of u(i)?
3
Let t be (-2)/9 - 438/(-27). Suppose 0 = -g - 9 + t. What is the units digit of g?
7
Let p = 1347 - 960. What is the hundreds digit of p?
3
Let p be (-3)/5 + (-122)/5. Let w = p + -15. Let v = -18 - w. What is the tens digit of v?
2
Let o(m) = -m**3 + 28*m**2 - 11*m - 37. What is the tens digit of o(27)?
9
Let p(r) = -r**3 + 11*r**2 + 5*r + 4. Let l(v) = 2*v**3 - 12*v**2 - 6*v - 4. Let i(b) = -3*l(b) - 4*p(b). What is the units digit of i(-7)?
4
Let u(s) = -2*s**3 + 4*s**2 + s. Let i be u(-6). What is the tens digit of 4 + 17/(-4) + i/8?
7
Let m(y) = -24*y - 96. Let f(l) = 3*l + 12. Let k(v) = 33*f(v) + 4*m(v). What is the units digit of k(4)?
4
What is the hundreds digit of (-79166)/(-115) - (-6)/10?
6
Let j(q) = -11*q**3 + 3*q**2 - 4*q + 10. What is the tens digit of j(-5)?
8
Let q(w) = -8*w - 6. What is the tens digit of q(-19)?
4
Suppose -3*k + 3446 = u, 15*u - 17230 = 10*u + 2*k. What is the units digit of u?
6
Let z be 33/(-15) - (-2)/10. Let c(y) = 2*y**3 + 2*y**2 + 2. Let j be c(z). Let o = j + 9. What is the units digit of o?
3
Suppose 3*h + b = -h + 3, -3*h = 3*b - 9. Suppose h = p - 18. What is the units digit of p?
8
Let s(u) = -8*u**3 - 15*u**2 - 57*u + 25. What is the hundreds digit of s(-7)?
4
Let x = -126 - -86. Let b = x - -90. Suppose 0*k + b = 2*k. What is the units digit of k?
5
Let o(c) = 12*c**2 - 33*c - 27. What is the hundreds digit of o(-19)?
9
Let q be (-4)/3*(-15)/10. Let u(f) = f**3 + f**2. Let l be u(1). Suppose -2*a = -2*h - 62, -q - 91 = -3*a + l*h. What is the tens digit of a?
3
Suppose 2*l = 5*w - 133, -2*w - 4*l = -5*w + 77. Let c = -24 + w. Suppose -c*v - 156 = -6*v. What is the tens digit of v?
5
Suppose 9*u = -3*u - 240. What is the tens digit of (33 + 2)*(-88)/u?
5
Let m(c) = -c**3 + 9*c**2 - 7*c - 4. Let y be m(8). Let u be (2 + 2)/(y/10). Let f = 37 - u. What is the units digit of f?
7
Suppose u - 17 = 2*z, 5*z - 10 = -5*u - 0. Let i = 55 - u. What is the tens digit of i?
4
Suppose -12*j + 7797 + 26319 = 0. What is the tens digit of j?
4
Let t = 4 + -14. What is the hundreds digit of -14*(-1)/(t/(-115))?
1
Let l = 112 - 66. Let g = -21 + l. What is the units digit of g?
5
Let b(q) = -21*q - 60. What is the tens digit of b(-7)?
8
Let x = -386 - -600. What is the units digit of x?
4
Let r(t) = t**3 + 7*t**2 - 4*t + 1. Suppose q = -5*v - 33, 7*q - 4*q = 3*v + 27. What is the tens digit of r(v)?
2
Let c = -20 + 24. Suppose 11 = -c*o - 1. What is the units digit of -51*2/o*1?
4
Let f = -3798 - -7718. What is the units digit of f?
0
What is the thousands digit of (1419/(-44))/((-9)/528)?
1
Suppose g = -2*g - 42. Let d = 9 + g. What is the tens digit of (-3)/d - 72/(-5)?
1
Let c = 19 + -19. Suppose 5*i - 147 - 323 = c. What is the units digit of i?
4
Let r(p) = -p**2 - p - 1. Let y(n) = -4*n**2 - 21*n - 34. Let g(d) = -5*r(d) + y(d). What is the tens digit of g(21)?
7
Let n(i) = i**3 - 6*i**2 + i - 3. Let j be n(6). Suppose -j*b = -3*o - 0*b + 24, -o - 7 = 2*b. What is the units digit of (-4 - 3)*-1*o?
1
Suppose -10 = 13*w - 23. What is the units digit of 0 - (-6 + w - 261)?
6
Let j(d) = 54*d + 28. What is the units digit of j(2)?
6
Suppose 0*r = -5*r + 255. Suppose -a + r = -0*a. What is the tens digit of a?
5
Let n(d) = 52*d**2 + 101*d + 629. What is the units digit of n(-6)?
5
Let v = -8 + 12. Suppose 4*b - v*n = 520, -1 + 11 = -5*n. Let u = 179 - b. What is the tens digit of u?
5
Suppose -3*d + 0*d + 735 = 0. Suppose -6*h + h = d. What is the tens digit of (-14)/h - (-654)/14?
4
Suppose -2*n = 5*u - 15651, 5*u - 2*u = 2*n + 9381. What is the thousands digit of u?
3
Suppose -5*m = -a - 6722, a + 5377 = m + 3*m. What is the thousands digit of m?
1
Let f = -96 + 226. Suppose -5*b + 4*y = f - 446, -3*b - y + 176 = 0. Let o = 107 - b. What is the tens digit of o?
4
Suppose 4*q - 1648 = -o, -4*o + 1064 + 5492 = 4*q. What is the tens digit of o?
3
What is the tens digit of (-48)/48 - 163*-2?
2
Suppose -3 = -3*p + 9. Suppose -8*o + 3*o + 4*w = 66, 4*o = p*w - 52. What is the tens digit of 7/(o/(-60)) + -4?
2
Let z = 4 - 4. Let f = z + 8. Suppose 4*i = f, -2*p + 21 + 5 = 3*i. What is the tens digit of p?
1
Let w = -34 + 42. Suppose 3*p + w = 461. What is the hundreds digit of p?
1
Suppose -6*r + 7*r = 0. What is the units digit of r - 1*(-48 - -1)?
7
Let y = 0 + 7. Suppose -4*m = m + 3*v + y, -2 = 3*m + 4*v. What is the units digit of ((-5)/m - 2)*2?
1
Let y = -1 - -13. Suppose 2*j = -2*j + y. Suppose -j*g - g = -52. What is the units digit of g?
3
What is the units digit of -50*((-6)/(-10) - (-152)/(-95))?
0
Suppose -26865 + 7689 = -34*n. What is the units digit of n?
4
Suppose 3*u = -4*q + 188, 5*q + 220 = 3*u + q. Suppose 100 = 3*o + d, -6*o + u = -4*o + d. What is the units digit of o?
2
Let d(h) = -4*h**2 + 6*h - 7. Let y(n) = -n**2 - 1. Let w(j) = d(j) - 3*y(j). Let x be w(4). Let z(f) = f**3 - 4*f**2 + 8*f. What is the tens digit of z(x)?
3
Let x be ((2 - 0) + -1)/1. Suppose -p - 9*p = -550. What is the tens digit of p + (-6 - -2) + x?
5
Let y(x) = -13*x - 77. Let p be y(-7). Suppose -2*m - 5*a = -415, 1 + p = 5*a. What is the tens digit of m?
0
Suppose -4*o = -o - 6. What is the tens digit of 61/(1/(3 - o))?
6
Suppose 3*f - 40 = -f. Let p(t) = -3*t**2 - 2 + 12*t + 4*t**2 - 2*t**2 + 6. What is the units digit of p(f)?
4
Let j be 2/(-6) - (-32)/6. Suppose -5*c = -15 + j. Suppose a + c*a - 9 = 0. What is the units digit of a?
3
Let q(t) = t**2. Let h(j) = 5*j**2 - 9*j + 22. Let d(w) = h(w) - 6*q(w). What is the tens digit of d(-9)?
2
What is the hundreds digit of -36*(620/(-32)*2 - 0)?
3
Let o(r) = 3*r**3 + 35*r**2 - r - 78. Let l(k) = 5*k**3 + 52*k**2 - k - 117. Let y(u) = 5*l(u) - 8*o(u). What is the units digit of y(20)?
9
Let x = -2376 - -4979. What is the units digit of x?
3
Let b = -647 + 1004. What is the units digit of b?
7
Let u(c) = 15*c**2 + 15*c - 105. What is the hundreds digit of u(9)?
2
Let s = -28 - 6. Suppose -5*x + 662 - 392 = 0. Let f = x + s. What is the tens digit of f?
2
Let z be (-1)/(-5) + 81/45. Let q(y) = -6*y + 2*y**3 + 2*y**z + 0 + 1 + 3*y - 5. What is the units digit of q(3)?
9
Let m(i) = 36*i + 20. Let w(q) = -37*q - 21. Let b(j) = 6*m(j) + 5*w(j). What is the units digit of b(5)?
0
Suppose 58 = -m + 2*m - 4*w, w = -4*m + 215. What is the units digit of m?
4
Let p(z) be the first derivative of -z**4/4 + z**3/3 + z**2/2 - 8*z - 13. What is the tens digit of p(-4)?
6
Suppose 25*f = 22*f + o + 2066, 2*f + 4*o - 1396 = 0. What is the tens digit of f?
9
Let u = -20 + 23. Suppose 14*f = 11*f + u. What is the units digit of f?
1
Let m = 5 - 3. Let z = -30 + 30. Let y = m + z. What is the units digit of y?
2
Let a = -34 - -20. What is the units digit of a/(-56) - (-51)/4?
3
Let d = -137 - -139. Suppose -d*t - 165 = -m, 1035 = 4*m + t + 375. What is the tens digit of m?
6
Suppose -2*l + 0*m - 13 = -5*m, 0 = 3*l + 3*m - 12. Let s(b) =